lions digit of 13451202?
3
What is the tens digit of 101434?
3
What is the hundred thousands digit of 1810992?
8
What is the ten thousands digit of 28510?
2
What is the units digit of 5650737?
7
What is the tens digit of 5542737?
3
What is the thousands digit of 250616?
0
What is the hundreds digit of 188413?
4
What is the ten thousands digit of 37547311?
4
What is the thousands digit of 1322112?
2
What is the ten thousands digit of 8769128?
6
What is the units digit of 52596?
6
What is the thousands digit of 26561?
6
What is the thousands digit of 696349?
6
What is the thousands digit of 1668811?
8
What is the millions digit of 2774449?
2
What is the ten thousands digit of 1039743?
3
What is the units digit of 3571025?
5
What is the thousands digit of 793423?
3
What is the millions digit of 1485253?
1
What is the hundred thousands digit of 151721?
1
What is the thousands digit of 1566072?
6
What is the ten thousands digit of 12245902?
4
What is the hundred thousands digit of 3106606?
1
What is the hundreds digit of 294357?
3
What is the hundred thousands digit of 144641?
1
What is the ten thousands digit of 199215?
9
What is the tens digit of 7084632?
3
What is the ten thousands digit of 178276?
7
What is the units digit of 949187?
7
What is the millions digit of 13856438?
3
What is the hundreds digit of 3260820?
8
What is the millions digit of 15581067?
5
What is the tens digit of 5050055?
5
What is the thousands digit of 1560490?
0
What is the thousands digit of 397653?
7
What is the units digit of 5473618?
8
What is the millions digit of 19248130?
9
What is the hundred thousands digit of 303728?
3
What is the units digit of 51252?
2
What is the hundred thousands digit of 8877491?
8
What is the units digit of 588812?
2
What is the tens digit of 638936?
3
What is the ten thousands digit of 65377?
6
What is the hundred thousands digit of 1717028?
7
What is the tens digit of 240357?
5
What is the hundred thousands digit of 11550088?
5
What is the units digit of 7013304?
4
What is the hundred thousands digit of 236145?
2
What is the hundred thousands digit of 4713287?
7
What is the tens digit of 6268566?
6
What is the thousands digit of 558072?
8
What is the units digit of 657438?
8
What is the millions digit of 2643383?
2
What is the ten millions digit of 13226268?
1
What is the tens digit of 65800?
0
What is the hundred thousands digit of 213145?
2
What is the tens digit of 519984?
8
What is the tens digit of 465475?
7
What is the hundred thousands digit of 1743697?
7
What is the hundreds digit of 1666000?
0
What is the tens digit of 12797873?
7
What is the hundred thousands digit of 819225?
8
What is the hundred thousands digit of 235115?
2
What is the millions digit of 1376987?
1
What is the tens digit of 22742512?
1
What is the tens digit of 73340?
4
What is the millions digit of 9050044?
9
What is the millions digit of 7426381?
7
What is the ten thousands digit of 8044547?
4
What is the ten thousands digit of 8731294?
3
What is the units digit of 4094444?
4
What is the units digit of 448177?
7
What is the thousands digit of 8903672?
3
What is the units digit of 249061?
1
What is the hundred thousands digit of 1171722?
1
What is the thousands digit of 38707?
8
What is the units digit of 7871847?
7
What is the hundreds digit of 15387479?
4
What is the hundred thousands digit of 13276046?
2
What is the hundred thousands digit of 15436191?
4
What is the hundred thousands digit of 567943?
5
What is the units digit of 919661?
1
What is the hundred thousands digit of 1087485?
0
What is the hundreds digit of 3510869?
8
What is the hundreds digit of 3049835?
8
What is the ten thousands digit of 416042?
1
What is the thousands digit of 436374?
6
What is the hundreds digit of 12174662?
6
What is the hundred thousands digit of 15511535?
5
What is the thousands digit of 2646158?
6
What is the tens digit of 290849?
4
What is the ten thousands digit of 1404860?
0
What is the units digit of 181940?
0
What is the hundred thousands digit of 3967900?
9
What is the tens digit of 661607?
0
What is the thousands digit of 11944788?
4
What is the units digit of 710810?
0
What is the thousands digit of 790235?
0
What is the hundred thousands digit of 2649506?
6
What is the hundreds digit of 379993?
9
What is the tens digit of 363421?
2
What is the tens digit of 3361318?
1
What is the ten thousands digit of 437854?
3
What is the hundred thousands digit of 1213778?
2
What is the tens digit of 9950474?
7
What is the units digit of 669676?
6
What is the ten thousands digit of 1322101?
2
What is the hundred thousands digit of 736695?
7
What is the ten thousands digit of 1230556?
3
What is the millions digit of 1743085?
1
What is the millions digit of 14867575?
4
What is the hundreds digit of 658945?
9
What is the hundreds digit of 208924?
9
What is the millions digit of 6837848?
6
What is the ten thousands digit of 1107203?
0
What is the units digit of 31395433?
3
What is the thousands digit of 15669125?
9
What is the tens digit of 1269698?
9
What is the ten thousands digit of 111954?
1
What is the ten thousands digit of 3675582?
7
What is the thousands digit of 1207463?
7
What is the tens digit of 7528697?
9
What is the hundreds digit of 9899623?
6
What is the thousands digit of 3183132?
3
What is the tens digit of 3019?
1
What is the hundred thousands digit of 11773111?
7
What is the hundreds digit of 3111467?
4
What is the hundreds digit of 7602022?
0
What is the units digit of 10139?
9
What is the tens digit of 6277537?
3
What is the thousands digit of 59410?
9
What is the hundred thousands digit of 5791062?
7
What is the units digit of 16521268?
8
What is the millions digit of 4022746?
4
What is the thousands digit of 4817053?
7
What is the hundred thousands digit of 3943438?
9
What is the thousands digit of 8834728?
4
What is the thousands digit of 118878?
8
What is the ten millions digit of 14207560?
1
What is the ten thousands digit of 1695813?
9
What is the thousands digit of 80909?
0
What is the hundred thousands digit of 184877?
1
What is the hundred thousands digit of 199526?
1
What is the thousands digit of 134172?
4
What is the thousands digit of 20869771?
9
What is the thousands digit of 7158579?
8
What is the ten thousands digit of 2477045?
7
What is the tens digit of 417914?
1
What is the hundreds digit of 10863527?
5
What is the tens digit of 8387424?
2
What is the thousands digit of 113294?
3
What is the thousands digit of 416029?
6
What is the tens digit of 355306?
0
What is the hundred thousands digit of 200530?
2
What is the millions digit of 1562455?
1
What is the thousands digit of 1217720?
7
What is the ten thousands digit of 548688?
4
What is the thousands digit of 126876?
6
What is the tens digit of 29321799?
9
What is the hundreds digit of 592880?
8
What is the ten millions digit of 14670811?
1
What is the hundred thousands digit of 9773790?
7
What is the thousands digit of 175861?
5
What is the thousands digit of 1893810?
3
What is the ten thousands digit of 28337937?
3
What is the hundred thousands digit of 524101?
5
What is the tens digit of 5910901?
0
What is the hundreds digit of 1452792?
7
What is the hundreds digit of 5439648?
6
What is the millions digit of 3266775?
3
What is the hundred thousands digit of 612116?
6
What is the units digit of 9965?
5
What is the millions digit of 1038837?
1
What is the thousands digit of 8083554?
3
What is the hundreds digit of 26031?
0
What is the millions digit of 32013821?
2
What is the millions digit of 2078467?
2
What is the units digit of 1715295?
5
What is the hundred thousands digit of 34228046?
2
What is the millions digit of 1782830?
1
What is the ten thousands digit of 285710?
8
What is the units digit of 243000?
0
What is the tens digit of 8050934?
3
What is the thousands digit of 1696562?
6
What is the ten thousands digit of 259587?
5
What is the hundreds digit of 438252?
2
What is the units digit of 54146?
6
What is the thousands digit of 7457?
7
What is the thousands digit of 45272?
5
What is the hundreds digit of 132025?
0
What is the units digit of 304007?
7
What is the thousands digit of 228098?
8
What is the tens digit of 241546?
4
What is the units digit of 49136?
6
What is 